lculate l(a).
-6
Let x be (0 - 0 - -4)/1. Suppose -478*v + 25 = -473*v. Suppose 0*u + x*o + 1 = -u, -30 = 5*u - v*o. Let a(h) = h**3 + 5*h**2 - h + 1. Calculate a(u).
6
Let q(l) = -l - 5. Let g(p) = -p**2 - 2*p - 8. Let v(a) = 2*g(a) - 3*q(a). Let j be ((-2)/4)/(1/4). Calculate v(j).
-7
Let x(b) = -45*b + 11 + 46*b - 14. Calculate x(8).
5
Let g(b) = -23*b**2 - 10*b + 25 - 21*b**2 + 45*b**2. Determine g(7).
4
Let v be ((-30)/(-25))/((-6)/(-160)). Let p = 27 - v. Let q(o) = o + 3. What is q(p)?
-2
Let m be 9*(-32)/(-24) - 5. Let c(j) = 8*j - 5. What is c(m)?
51
Let r = -36 - -59. Let j = r - 18. Let c(q) = 3*q - 3. Give c(j).
12
Let b(o) = -42*o**3 + 43*o**3 - 8 - 36*o + 10*o**2 + 34*o. Calculate b(-10).
12
Let k(d) = -7*d**3 - d**2 + 1. Let x(q) = -15*q**3 - 3*q**2 + 2. Let n(a) = 5*k(a) - 2*x(a). Calculate n(2).
-35
Let m(l) = l**2 - 7*l - 1. Let h(j) = -j - 17. Let i be h(-16). Let n(t) = t. Let k(a) = i*m(a) - 3*n(a). Determine k(5).
-4
Let t(w) = -w**3 + 8*w**2 + 9*w + 7. Let y = -486 + 495. Calculate t(y).
7
Let a(u) = 24*u**2 + 3*u - 2*u**3 - 2*u + 9*u**2 + 17*u**2 - 2 - 52*u**2. Give a(3).
-71
Let s(w) = w + 0*w + 7 - 2*w + 7. Suppose 32 = 5*f + 2. Give s(f).
8
Suppose 5*b = 3*m + 2*m + 190, 5*b - 182 = m. Let l(u) = -b + 73 - 36 + 3*u. What is l(2)?
7
Let l = 23 - 19. Let x(i) = -i**2 - 6 + 4*i + 0 + 9*i - 7*i. Calculate x(l).
2
Let g be (8 - 3) + -20 + 16. Let r(m) = 3*m**2 - 2*m + 1. Determine r(g).
2
Let p be 0 - (-212)/(-30) - 401/(-6015). Let w(r) = -r**3 - 7*r**2 + 3*r + 25. Calculate w(p).
4
Let w be (12 - 744/60)/(4/10). Let q(x) = 12*x + 2. Calculate q(w).
-10
Let f(k) = -11*k**3 - 10*k**2 - 9*k + 7. Let s(l) = 2*l**3 + l**2 + 2*l - 1. Let x(r) = f(r) + 6*s(r). Calculate x(3).
1
Let u be (-2)/(-1 - 2/(-6)). Let j be ((-3 - -4) + -1)/1. Suppose j = -u*v - 0 - 9. Let y(w) = w**2 + 2*w. Give y(v).
3
Let v(p) = p**3 + 2*p + 2. Let y(t) = -t**3 - 6*t**2 - 2*t - 8. Let q be y(-6). Suppose q*g - 31 = 3*i - 4, 3*i = 9. Let c = g + -11. Determine v(c).
-10
Let g be (10/(-8))/(7/(-308)) - -3. Let o = g - 56. Let h(v) = 3*v**2 - 3*v. What is h(o)?
6
Let g be 4/10 + 4/(-10). Let r be 8/22*(-165)/(-30). Let b be 0 - ((-3 - g) + r). Let a(k) = -10*k**2 - 1. Determine a(b).
-11
Let v(z) be the third derivative of -z**6/120 - 2*z**5/15 - z**4/4 - 5*z**3/3 + 7*z**2 - 17*z. Give v(-7).
-17
Suppose -4*q = 3*u + 5 - 20, -4*u + 4 = 0. Let w(t) = -1 - q*t + 9*t - 7*t + 4. Give w(4).
-1
Let a = 10 + 1. Let v(f) = -19*f**2 + a*f**2 - 4 + 10 + 10*f**2 - 9*f. Give v(6).
24
Let o(g) = 3*g - 3. Suppose 0 = 4*a + 122 - 334. Suppose -5*u + 2 = -a. Let w(v) = -v**2 + 11*v + 4. Let d be w(u). Give o(d).
9
Suppose 4*q - 9 = 4*u + 15, -4*q + 3*u = -20. Let v(b) = b - 9. Let a(d) = 1. Let p(x) = -36*a(x) - 4*v(x). Determine p(q).
-8
Let l(g) be the third derivative of -g**6/720 - g**5/20 - 11*g**4/24 + 6*g**2. Let q(j) be the second derivative of l(j). Determine q(0).
-6
Let a(k) = -k - 7. Suppose 0 = -5*r + 7*r + 2, u + 5*r = -14. Give a(u).
2
Suppose -32 = 2*f + 23*f + 18. Let z(g) be the third derivative of -g**5/60 - g**4/6 + g**3/6 + g**2. Determine z(f).
5
Suppose 5*q - 4 = 4*i, i - 28 = -3*i - 3*q. Let m be (-2)/i*(-1 + 2 - 7). Let r(u) = 3*u**2 - 3*u + 1. Calculate r(m).
19
Let p(v) be the first derivative of -v**4/4 + 7*v**3/3 + v**2/2 + 3*v - 340. Give p(8).
-53
Let c(h) = -h**3 + 8*h**2 - h + 6. Let s be -4*(-7)/(-28)*-8. What is c(s)?
-2
Let f be 2 + ((-6)/(-30)*10 - 9). Let y(m) = 3*m**3 - 8*m**2 + 16*m + 7. Let c(b) = -2*b**3 + 4*b**2 - 8*b - 3. Let s(k) = 5*c(k) + 3*y(k). Calculate s(f).
-9
Let s be 10/(-3)*(-30)/25. Suppose -2*x - 7*x = 27. Let n(a) = -3*a**2 - 5*a + 11. Let k(i) = -i**2 - 2*i + 4. Let j(u) = x*n(u) + 8*k(u). Give j(s).
11
Let v(m) be the first derivative of -m**3/6 - 8*m**2 + 3*m - 3. Let p(a) be the first derivative of v(a). Let i be 0*(3 + -2)*1/(-2). Give p(i).
-16
Suppose 4*l - 18 = 2. Let i(x) = -x + x**2 - x**3 + 0 + l*x - 1. Let g(q) = q - 2. Let h be g(5). Determine i(h).
-7
Let o(b) = 3*b - 2*b - 1140 - 1142 + 2284. Determine o(6).
8
Let p(q) = q - 5. Let v be p(7). Suppose i = -v*i. Suppose 5*u - 29 + 4 = i. Let d(a) = a**2 - 3*a - 7. Give d(u).
3
Suppose -3*m = -h - 1, -4*h + 3*m = -2*m - 3. Let u(t) = -3 + 37*t**2 + 4*t - 38*t**h + 3. Let n be 1/((-3)/(3*-2)). Calculate u(n).
4
Let d(w) = w**3 + 12*w**2 + 9*w - 15. Let m(y) = -32*y - 11. Let s be m(0). What is d(s)?
7
Let q be (12/8 + -3)/((-9)/30). Let f(t) = t**2 - 4*t + 1. Determine f(q).
6
Let s(c) = 5*c**2 - 7*c + 5. Let f(o) = -9*o**2 + 13*o - 10. Let m(w) = w. Let d be m(-3). Let j = -14 - d. Let t(l) = j*s(l) - 6*f(l). Give t(4).
-15
Let g(d) = -5*d**3 + 3*d**2 - 7. Let i(m) = 11*m**3 - 6*m**2 + m + 15. Let r(s) = 9*g(s) + 4*i(s). Let l be r(4). Let f = l - 3. Let t(x) = x + 2. Give t(f).
-4
Let t(d) = -3*d**3 + 21*d**2 - 21*d + 10. Let o(m) = m**3 - 10*m**2 + 10*m - 5. Let n be 0/(-2) + -10*3/(-6). Let z(x) = n*o(x) + 2*t(x). Give z(-9).
4
Let x(c) be the first derivative of -3*c**2/2 + 20*c + 5. Let f be x(6). Let a(u) be the second derivative of -u**4/12 - u**3/3 + 3*u**2/2 - u. What is a(f)?
-5
Let m(w) be the second derivative of w**7/840 + w**6/180 - w**5/60 - w**4/6 - 5*w**3/3 - 4*w. Let t(p) be the second derivative of m(p). Determine t(-3).
-7
Let t(k) = k - 7. Let r(j) = -2*j + 22. Let b(f) = 2*r(f) + 7*t(f). Let h(o) = 2*o - 1. Suppose -5*n = -10, -4*n + 5*n - 17 = -5*u. Let m be h(u). What is b(m)?
10
Suppose 2*a - 10 = -0*a. Suppose -4*y + 16 = -5*r, a*y - 16 - 4 = 2*r. Let i be 300/(-40) + 6/y. Let d(g) = -g**2 - 7*g - 6. Determine d(i).
0
Let k(b) = -b + 10. Let l be k(6). Suppose -l*a - 40 = -9*a. Let u(w) = w**2 - 7*w - 4. Determine u(a).
4
Let h(n) = -3*n + 2. Let s(f) = -f**2 + f + 1. Let b(g) = -h(g) + s(g). Suppose -414*w + 5 = -413*w. Determine b(w).
-6
Let w = 109 + -100. Suppose w*a + 12 = 12*a. Let k(f) = -f**2 + f + 5. What is k(a)?
-7
Let l = -21 - -38. Suppose 4*r + w + 34 = 0, -14*r - 4*w = -15*r - l. Let p(u) be the first derivative of u**4/4 + 8*u**3/3 - 4*u**2 + 12*u - 1. Give p(r).
3
Suppose -c - v + 16 = 9, 3*c - 20 = -4*v. Let l(a) = -a + 7. What is l(c)?
-1
Suppose 0 = -12*f + 13*f. Let v(b) = 7 + 3*b - 3*b - 3*b + f*b. Calculate v(5).
-8
Let j(q) = -q - 3. Let o(g) = g**2 - 8*g - 55. Let r be o(12). Calculate j(r).
4
Let v(t) be the first derivative of 2*t**3/3 + t**2 + 2*t - 14. What is v(3)?
26
Let n(m) be the third derivative of -m**4/24 + m**3 + 105*m**2. Let q be -1 + (1 - 1) - -1. Let h be n(q). Let x(i) = i**3 - 5*i**2 - 8*i + 2. Give x(h).
-10
Let x(n) = 0*n**2 + 5 + 5*n**2 - 4*n**2 + n. Let v be x(0). Let u(w) be the second derivative of -w**5/20 + 5*w**4/12 - 3*w. Calculate u(v).
0
Let q(m) = -m**3 - 82*m**2 - 3*m + 5*m + 75*m**2. Determine q(-7).
-14
Let z(q) be the second derivative of 1/20*q**5 - 5/12*q**4 + 2/3*q**3 + 0 + 3/2*q**2 - 25*q. Calculate z(4).
3
Let z(u) = u**2 - 4*u. Suppose 13 = 5*l + 38. Let o = -2 - l. Determine z(o).
-3
Let n = -458 + 450. Let t(u) = 3*u + 11. Determine t(n).
-13
Let z be (-22)/14 + 2 + (-2537)/301. Let d(f) = f**2 + 2*f - 50. Give d(z).
-2
Let z = 386 - 384. Let q(p) = -6*p**2 + 5 + 0*p**2 - 3 + p**2. Give q(z).
-18
Let w(t) = -t**3 - 7*t**2 - 7*t + 2. Let r(s) = -s**2 - 4*s - s + 2*s**2 + 6*s. Let f(k) = 6*r(k) + w(k). Let x(j) = -j - 10. Let p be x(-8). Calculate f(p).
8
Let r(j) be the third derivative of -4*j**5/15 - j**4/24 + 5*j**2 + 3*j. What is r(-1)?
-15
Let f(k) = -828*k**2 - 3*k - 4*k + 829*k**2 + 4. What is f(6)?
-2
Let r(h) be the first derivative of 7*h**2 + 4*h + 330. Calculate r(-3).
-38
Let n be ((-4)/(-8))/((-1)/4). Let b = 33 + n. Let p(z) = -z**2 + b*z - 35*z - z**3 + 5*z**2. Determine p(3).
-3
Let b(a) be the second derivative of a**3/6 - 5*a**2 + 185*a. Determine b(-9).
-19
Let z(f) be the first derivative of -f**3/3 - 7*f**2/2 - 1. Give z(-6).
6
Suppose -b - 2 = -4. Let x(r) = -2*r**b + 0*r + 4*r + r - r**3 + 4. Suppose 13*g + 32 = -7. Determine x(g).
-2
Let c = 9 + -14. Let f(k) = -k - 7. Let d be f(c). Let z(l) = -10*l + 6. Let g(n) = 22*n - 14. Let s(w) = 3*g(w) + 7*z(w). Give s(d).
8
Let x(b) = -b**2 + 3*b. Let r(a) = a**3 + 6*a**2 + 5*a + 4. Let t be r(-5). Suppose t*h = -7 + 27. Give x(h).
-10
Let n(i) = -i**3 + 7*i**2 + 8*i + 2. Let y(x) = -